0?
False
Does 39 divide 9885526?
False
Is 210 a factor of 15887130?
True
Does 12 divide 218607?
False
Is 1046456 a multiple of 47?
False
Is 60480 a multiple of 80?
True
Does 53 divide 21060218?
False
Is 4778715 a multiple of 405?
False
Is 239445 a multiple of 2?
False
Does 12 divide 600444?
True
Is 20 a factor of 1651604?
False
Does 27 divide 369738?
True
Does 5 divide 67119?
False
Does 8 divide 67688?
True
Is 10 a factor of 146910?
True
Is 4 a factor of 9030?
False
Does 301 divide 964404?
True
Is 348194 a multiple of 154?
True
Does 44 divide 2320208?
True
Is 580959 a multiple of 27?
True
Is 7 a factor of 1265999?
True
Is 6063105 a multiple of 619?
True
Does 2 divide 861130?
True
Is 83 a factor of 6045435?
False
Does 191 divide 89197?
True
Does 143 divide 242998?
False
Is 119530 a multiple of 10?
True
Is 587880 a multiple of 207?
True
Is 10386780 a multiple of 20?
True
Is 23830 a multiple of 10?
True
Does 78 divide 10119742?
False
Is 204 a factor of 761124?
True
Is 39360 a multiple of 15?
True
Is 410 a factor of 2142511?
False
Is 32272 a multiple of 4?
True
Is 6 a factor of 372228?
True
Is 33 a factor of 5628117?
True
Does 59 divide 952248?
False
Is 6 a factor of 125505?
False
Does 21 divide 17018295?
True
Is 105940 a multiple of 131?
False
Is 53 a factor of 29690?
False
Does 786 divide 5836233?
False
Is 87 a factor of 641973?
True
Does 46 divide 4476950?
True
Is 587 a factor of 2213975?
False
Does 261 divide 83520?
True
Does 47 divide 4349694?
False
Is 1646 a factor of 23806060?
False
Does 152 divide 18101832?
True
Does 5 divide 58235?
True
Is 12 a factor of 653196?
True
Is 1580176 a multiple of 16?
True
Is 4673668 a multiple of 316?
False
Is 136016 a multiple of 8?
True
Does 84 divide 519540?
True
Is 6579524 a multiple of 14?
True
Is 18 a factor of 202932?
True
Is 56 a factor of 524383?
False
Does 8 divide 704913?
False
Is 48 a factor of 509760?
True
Is 21 a factor of 932505?
True
Is 1285833 a multiple of 53?
True
Is 35 a factor of 2553304?
False
Is 87383 a multiple of 4?
False
Is 25 a factor of 1267050?
True
Is 35 a factor of 20810?
False
Is 305 a factor of 542595?
True
Is 118 a factor of 938089?
False
Is 1972100 a multiple of 20?
True
Does 19 divide 41475?
False
Is 767580 a multiple of 50?
False
Is 38057 a multiple of 9?
False
Is 8 a factor of 65700?
False
Is 1204104 a multiple of 132?
True
Is 349 a factor of 179240?
False
Is 288117 a multiple of 73?
False
Is 51251 a multiple of 25?
False
Is 457 a factor of 1188948?
False
Is 2565432 a multiple of 54?
True
Is 821597 a multiple of 7?
True
Is 690153 a multiple of 41?
True
Is 80 a factor of 804924?
False
Is 210083 a multiple of 21?
False
Is 880134 a multiple of 3?
True
Is 7 a factor of 367458?
True
Is 1568 a factor of 32257608?
False
Does 33 divide 3762?
True
Is 260 a factor of 1003860?
True
Is 6 a factor of 150810?
True
Is 14 a factor of 687351?
False
Is 199 a factor of 81602?
False
Does 10 divide 31807?
False
Is 987722 a multiple of 205?
False
Is 20 a factor of 189802?
False
Is 21 a factor of 1624350?
True
Is 74300 a multiple of 10?
True
Is 131580 a multiple of 27?
False
Is 1305775 a multiple of 409?
False
Does 13 divide 5602?
False
Is 28 a factor of 114688?
True
Does 35 divide 502568?
False
Is 488416 a multiple of 4?
True
Is 87210 a multiple of 114?
True
Does 101 divide 1493487?
True
Is 228 a factor of 496897?
False
Is 2450436 a multiple of 39?
False
Is 4 a factor of 6946549?
False
Is 7 a factor of 632796?
False
Does 62 divide 123504?
True
Is 276 a factor of 3470169?
False
Does 184 divide 389162?
False
Is 365 a factor of 311152?
False
Is 46 a factor of 161220?
False
Is 27 a factor of 208413?
True
Is 24196480 a multiple of 564?
False
Does 31 divide 20440656?
True
Does 27 divide 1123711?
False
Is 31104 a multiple of 27?
True
Does 26 divide 5353036?
True
Is 143 a factor of 4756895?
True
Is 94248 a multiple of 238?
True
Is 945 a factor of 1261733?
False
Is 7 a factor of 2947?
True
Does 360 divide 4189680?
True
Is 62974 a multiple of 23?
True
Is 72090 a multiple of 36?
False
Is 8 a factor of 217464?
True
Is 543918 a multiple of 700?
False
Does 127 divide 3333750?
True
Is 655776 a multiple of 506?
True
Is 435109 a multiple of 79?
False
Is 1552241 a multiple of 14?
False
Does 283 divide 189364?
False
Does 40 divide 5227878?
False
Is 962717 a multiple of 6?
False
Is 921306 a multiple of 16?
False
Is 236775 a multiple of 231?
True
Is 149821 a multiple of 19?
False
Is 119890 a multiple of 38?
True
Is 22931 a multiple of 23?
True
Is 3 a factor of 388051?
False
Is 1882359 a multiple of 459?
True
Is 39 a factor of 301080?
True
Is 14 a factor of 4033190?
True
Is 546 a factor of 266994?
True
Is 6283056 a multiple of 39?
True
Does 28 divide 38024?
True
Is 80756 a multiple of 52?
True
Does 282 divide 808964?
False
Is 6750 a multiple of 18?
True
Is 1179149 a multiple of 605?
False
Is 63933 a multiple of 211?
True
Is 3354 a multiple of 4?
False
Is 39 a factor of 147672?
False
Is 78 a factor of 4202031?
False
Is 4860152 a multiple of 22?
True
Is 373926 a multiple of 29?
True
Is 46 a factor of 316158?
True
Is 3047784 a multiple of 232?
True
Is 104 a factor of 14872?
True
Is 1412 a multiple of 15?
False
Does 20 divide 3721020?
True
Is 27 a factor of 925476?
False
Does 410 divide 1980721?
False
Is 3 a factor of 93585?
True
Does 7 divide 7056083?
False
Is 449016 a multiple of 318?
True
Is 34 a factor of 2156008?
True
Is 1275306 a multiple of 17?
True
Does 136 divide 107652?
False
Is 60 a factor of 4744380?
True
Is 20 a factor of 15806852?
False
Is 109314 even?
True
Is 2 a factor of 806115?
False
Is 109296 a multiple of 36?
True
Does 3 divide 248210?
False
Does 406 divide 2077502?
True
Is 1162933 a multiple of 190?
False
Does 151 divide 753946?
False
Does 13 divide 7244?
False
Is 22199 a multiple of 80?
False
Does 83 divide 5824?
False
Does 65 divide 199939?
False
Is 35583 a multiple of 87?
True
Is 13 a factor of 140985?
True
Is 152 a factor of 242883?
False
Is 6862765 a multiple of 23?
False
Is 721915 a multiple of 18?
False
Does 42 divide 57582?
True
Does 1259 divide 16997081?
False
Does 49 divide 1225049?
True
Is 18 a factor of 2699359?
False
Is 6423553 a multiple of 10?
False
Is 5182380 a multiple of 54?
True
Is 9 a factor of 100926?
True
Is 333 a factor of 1168830?
True
Is 152 a factor of 177658?
False
Is 63 a factor of 200151?
True
Is 516 a factor of 20414612?
False
Is 934448 a multiple of 16?
True
Is 19 a factor of 371305?
False
Does 4 divide 99412?
True
Is 2624328 a multiple of 168?
True
Does 32 divide 641632?
True
Is 6921 a multiple of 2?
False
Is 39890 a multiple of 239?
False
Is 6 a factor of 184015?
False
Is 5595 a multiple of 533?
False
Is 7301 a multiple of 36?
False
Is 80016 a multiple of 97?
False
Is 2 a factor of 131701?
False
Does 68 divide 292468?
True
Is 7 a factor of 686084?
True
Is 7 a factor of 2494226?
True
Is 4109784 a multiple of 21?
True
Does 9 divide 173544?
False
Is 16 a factor of 116620?
False
Is 271 a factor of 104877?
True
Is 6612096 a multiple of 67?
True
Is 18993 a multiple of 6?
False
Is 6131728 a multiple of 16?
True
Is 242 a factor of 190212?
True
Is 415 a factor of 37057?
False
Is 9 a factor of 458541?
True
Is 813854 a multiple of 12?
False
Is 132647 a multiple of 3?
False
Is 37 a factor of 1078655?
False
Is 5560816 a multiple of 776?
True
Is 11 a factor of 19729?
False
Does 91 divide 9295?
False
Does 4 divide 14724?
True
Is 211 a factor of 81109?
False
Is 8306492 a multiple of 289?
False
Is 17 a factor of 69649?
True
Is 41 a factor of 31365?
True
Does 4 divide 45200?
True
Is 121 a factor of 805260?
False
Is 17 a factor of 5677922?
False
Is 445 a factor of 15156304?
False
Is 9 a factor of 616374?
True
Is 28333 a multiple of 54?
False
Is 780 a factor of 2446017?
False
Is 57 a factor of 217865?
False
Is 209425 a multiple of 106?
False
Is 4529652 a multiple of 177?
False
Is 56 a factor of 465330?
False
Is 338 a factor of 1566292?
True
Is 543299 a multiple of 37?
False
Is 315531 even?
False
Is 14 a factor of 111544?
False
Does 653 divide 11848685?
True
Is 114297 a multiple of 31?
True
Is 35 a factor of 31130295?
True
Does 6 divide 2494?
False
Does 9 divide 477036?
True
Is 197169 a multiple of 134?
False
Is 8 a factor of 3071297?
False
Is 10760 a multiple of 2?
True
Is 1888110 